rs of 627820.
2, 5, 31391
List the prime factors of 1699159.
7, 11, 22067
List the prime factors of 1034266.
2, 41, 12613
List the prime factors of 15850343.
15850343
List the prime factors of 8834189.
7, 13, 193, 503
List the prime factors of 5075297.
167, 30391
What are the prime factors of 548349?
3, 47, 3889
List the prime factors of 1046009.
461, 2269
What are the prime factors of 1961671?
1961671
List the prime factors of 773031.
3, 7, 131, 281
List the prime factors of 525264.
2, 3, 31, 353
What are the prime factors of 1688152?
2, 89, 2371
What are the prime factors of 10779606?
2, 3, 598867
What are the prime factors of 305942?
2, 7, 13, 41
What are the prime factors of 1307007?
3, 13, 11171
What are the prime factors of 998617?
998617
What are the prime factors of 5026782?
2, 3, 837797
List the prime factors of 727128.
2, 3, 10099
What are the prime factors of 8670580?
2, 5, 37, 11717
List the prime factors of 441496.
2, 11, 29, 173
List the prime factors of 2629277.
7, 19, 53, 373
What are the prime factors of 7917181?
7917181
What are the prime factors of 1930391?
1930391
What are the prime factors of 882336?
2, 3, 7, 13, 101
List the prime factors of 40987058.
2, 7, 23, 127289
List the prime factors of 391895.
5, 7, 11197
List the prime factors of 2813432.
2, 17, 137, 151
What are the prime factors of 184990?
2, 5, 13, 1423
What are the prime factors of 3404510?
2, 5, 340451
What are the prime factors of 344534?
2, 31, 5557
What are the prime factors of 959371?
7, 2797
What are the prime factors of 261857?
31, 8447
What are the prime factors of 1506626?
2, 11, 68483
What are the prime factors of 9992011?
967, 10333
What are the prime factors of 3019881?
3, 439, 2293
What are the prime factors of 16787969?
11, 1526179
List the prime factors of 20423542.
2, 89, 179, 641
List the prime factors of 514558.
2, 11, 19, 1231
List the prime factors of 11713629.
3, 17, 31, 239
List the prime factors of 7060479.
3, 1291, 1823
What are the prime factors of 104600?
2, 5, 523
List the prime factors of 2057520.
2, 3, 5, 8573
List the prime factors of 6384223.
2447, 2609
List the prime factors of 2295331.
23, 4339
What are the prime factors of 2409629?
163, 14783
List the prime factors of 17211780.
2, 3, 5, 95621
List the prime factors of 83046.
2, 3, 13841
What are the prime factors of 809699?
11, 73609
List the prime factors of 714681.
3, 11, 7219
List the prime factors of 5452346.
2, 641, 4253
List the prime factors of 854221.
19, 44959
List the prime factors of 7478656.
2, 58427
List the prime factors of 1404096.
2, 3, 71, 103
What are the prime factors of 26867737?
13, 67, 109, 283
What are the prime factors of 18931978?
2, 13, 491, 1483
List the prime factors of 5773407.
3, 29, 66361
What are the prime factors of 440929?
17, 37, 701
What are the prime factors of 1466769?
3, 347, 1409
List the prime factors of 4915555.
5, 431, 2281
What are the prime factors of 617684?
2, 307, 503
What are the prime factors of 98841?
3, 47, 701
List the prime factors of 20492559.
3, 2276951
What are the prime factors of 3644191?
79, 163, 283
List the prime factors of 10783547.
10783547
What are the prime factors of 2827883?
353, 8011
What are the prime factors of 1357230?
2, 3, 5, 7, 23, 281
List the prime factors of 397887.
3, 7, 18947
What are the prime factors of 45948?
2, 3, 7, 547
List the prime factors of 10821694.
2, 13, 416219
What are the prime factors of 20049588?
2, 3, 13, 42841
What are the prime factors of 236981?
236981
What are the prime factors of 1925457?
3, 641819
What are the prime factors of 2158092?
2, 3, 151, 397
What are the prime factors of 19498?
2, 9749
List the prime factors of 13826150.
2, 5, 13, 89, 239
List the prime factors of 7637051.
271, 28181
List the prime factors of 330092.
2, 7, 11789
What are the prime factors of 849786?
2, 3, 7, 20233
What are the prime factors of 8510407?
37, 67, 3433
List the prime factors of 637020.
2, 3, 5, 3539
What are the prime factors of 34333918?
2, 389, 44131
List the prime factors of 4629859.
13, 356143
List the prime factors of 4648830.
2, 3, 5, 83, 1867
List the prime factors of 130662.
2, 3, 7, 17, 61
List the prime factors of 4536662.
2, 13, 174487
What are the prime factors of 4088879?
4088879
List the prime factors of 641220.
2, 3, 5, 10687
List the prime factors of 221008.
2, 19, 727
List the prime factors of 3789425.
5, 41, 3697
List the prime factors of 88819.
88819
List the prime factors of 939386.
2, 7, 17, 3947
What are the prime factors of 585055?
5, 17, 6883
What are the prime factors of 23442330?
2, 3, 5, 349, 2239
List the prime factors of 6550717.
1103, 5939
What are the prime factors of 8163?
3, 907
List the prime factors of 734495.
5, 71, 2069
What are the prime factors of 164914?
2, 82457
What are the prime factors of 4290931?
4290931
List the prime factors of 13400623.
37, 587, 617
List the prime factors of 314538.
2, 3, 7, 7489
List the prime factors of 6987638.
2, 7, 499117
List the prime factors of 80855.
5, 103, 157
List the prime factors of 1023801.
3, 47, 53, 137
List the prime factors of 1082087.
523, 2069
What are the prime factors of 13127865?
3, 5, 29, 103, 293
List the prime factors of 26764.
2, 6691
What are the prime factors of 9651935?
5, 107, 18041
List the prime factors of 6833559.
3, 19, 101, 1187
List the prime factors of 1250825.
5, 50033
List the prime factors of 467069.
617, 757
List the prime factors of 975830.
2, 5, 97583
What are the prime factors of 631161?
3, 19, 3691
List the prime factors of 1686160.
2, 5, 7, 3011
List the prime factors of 5338301.
5338301
List the prime factors of 1504814.
2, 139, 5413
What are the prime factors of 4752476?
2, 499, 2381
What are the prime factors of 11017007?
163, 67589
List the prime factors of 1903215.
3, 5, 181, 701
List the prime factors of 2051910.
2, 3, 5, 7, 3257
List the prime factors of 3488351.
3488351
List the prime factors of 338193.
3, 53, 709
What are the prime factors of 29128?
2, 11, 331
What are the prime factors of 302631?
3, 7, 14411
What are the prime factors of 169054?
2, 181, 467
What are the prime factors of 72494?
2, 67, 541
What are the prime factors of 152742?
2, 3, 25457
List the prime factors of 4775428.
2, 7, 170551
What are the prime factors of 96547?
11, 67, 131
What are the prime factors of 2043855?
3, 5, 11, 4129
What are the prime factors of 14022?
2, 3, 19, 41
What are the prime factors of 219316?
2, 54829
List the prime factors of 826470.
2, 3, 5, 3061
What are the prime factors of 10520161?
17, 618833
What are the prime factors of 29689?
11, 2699
What are the prime factors of 86971?
29, 2999
What are the prime factors of 8368061?
13, 643697
List the prime factors of 13613781.
3, 4537927
What are the prime factors of 353823?
3, 59, 1999
List the prime factors of 486447.
3, 13, 12473
What are the prime factors of 714749?
7, 102107
List the prime factors of 666871.
666871
List the prime factors of 2434825.
5, 17, 337
List the prime factors of 475092.
2, 3, 53, 83
What are the prime factors of 10380263?
10380263
List the prime factors of 1523235.
3, 5, 7, 89, 163
List the prime factors of 376775.
5, 7, 2153
List the prime factors of 201162.
2, 3, 13, 2579
List the prime factors of 401036.
2, 107, 937
List the prime factors of 1217545.
5, 7, 43, 809
What are the prime factors of 2552063?
919, 2777
List the prime factors of 8825089.
7, 13, 96979
List the prime factors of 24176183.
41, 97, 6079
List the prime factors of 986797.
7, 61, 2311
What are the prime factors of 213157?
7, 37, 823
List the prime factors of 204974.
2, 7, 11
What are the prime factors of 8736005?
5, 1747201
List the prime factors of 1625754.
2, 3, 13, 19, 1097
List the prime factors of 16579316.
2, 13, 318833
List the prime factors of 4677875.
5, 37423
List the prime factors of 1997349.
3, 665783
List the prime factors of 2227828.
2, 556957
List the prime factors of 7023492.
2, 3, 7, 47, 593
List the prime factors of 7785618.
2, 3, 1061, 1223
List the prime factors of 479305.
5, 257, 373
What are the prime factors of 10139908?
2, 29, 61, 1433
What are the prime factors of 588503?
588503
List the prime factors of 14177035.
5, 97, 29231
What are the prime factors of 8664439?
7, 937, 1321
List the prime fa